ime factors of o(-8).
571
What are the prime factors of -5*((-13)/195)/(1/4359)?
1453
Let n(t) = t**2 - 41*t + 2*t**2 + 3*t**2 + 2 + 0*t**2. What are the prime factors of n(7)?
3
Let t(i) = -i + 9. Let a be t(0). Let s = 833 - 830. Suppose s*o - 165 = -3*d, 6*o - 3*o = -a. List the prime factors of d.
2, 29
List the prime factors of ((-1)/(-3) + 428/(-6))*-9.
3, 71
Let m = 106 - 28. List the prime factors of m.
2, 3, 13
Let b = 387 + -229. List the prime factors of b.
2, 79
Let c = 57 + -56. List the prime factors of 442/8 + (-3)/12*c.
5, 11
Suppose -5*m + b - 346 = -2664, -2*m + 2*b = -932. What are the prime factors of m?
463
Suppose -10*x + 11*x - 22 = -4*a, -2*a + 4 = -3*x. List the prime factors of x.
2
Suppose 407*w = 416*w - 20430. List the prime factors of w.
2, 5, 227
Let b(x) = 41*x**2 - 35*x + 135. List the prime factors of b(6).
3, 467
Let v(b) = -b**3 + 12*b**2 - 12*b - 7. Suppose -18*u + 104 = -22. List the prime factors of v(u).
2, 7, 11
Let q(i) be the third derivative of -i**5/60 + 3*i**4/8 - i**3/3 - 4*i**2 - 3*i. Suppose -4*r + a = -3*r, 25 = 2*r + 3*a. What are the prime factors of q(r)?
2, 3
List the prime factors of 4155/(-30)*(-3)/(6/4).
277
Let x(d) = -4*d - 4*d - 3 + 4*d. What are the prime factors of x(-5)?
17
Suppose 221*o - 237*o = -21648. List the prime factors of o.
3, 11, 41
Suppose -5*h - 32360 = -15*h. List the prime factors of h.
2, 809
Suppose -33 = 6*j - 57. List the prime factors of (-68)/j*-4 - -2.
2, 5, 7
Suppose -2*o + 8*o = -252. Let j = -35 - o. List the prime factors of j.
7
Let h(v) be the first derivative of 3*v**3/2 - 5*v**2/2 + 4*v + 7. Let c(y) be the first derivative of h(y). List the prime factors of c(3).
2, 11
Let k(d) be the third derivative of -d**7/630 - 13*d**6/720 + 2*d**5/15 + 6*d**2. Let m(j) be the third derivative of k(j). List the prime factors of m(-8).
3, 17
Let y = 12 + -21. What are the prime factors of 84/2*(-12)/y?
2, 7
Let t be (-1)/((-7)/(-4) + -2). Suppose -2*p + t*z + 26 = 0, -3*z + 9 = 24. What are the prime factors of p?
3
Let i(f) = -3*f - f + 5*f + 9 + 2. Let c be i(8). Suppose -2*a = -a - c. What are the prime factors of a?
19
Let f(h) = -h**3 - h**2 + h - 22. Let k be f(-5). Let o = -54 + k. What are the prime factors of o?
19
Let c(l) = -l**2 - 10*l - 13. Let k be c(-7). Suppose -k*q + 7*q + 4 = 0. List the prime factors of q.
2
Let b(p) = p**3 - 2*p + 1. Let m(y) = -2*y + 20*y**3 + 4*y - 21*y**3. Let i(u) = -2*b(u) - 3*m(u). What are the prime factors of i(4)?
2, 3
Let k(r) = 7*r**2 - r - 3. Let m be k(-3). Let y = -4 + 3. What are the prime factors of ((2 - m) + 4)*y?
3, 19
Let y be 15/1*(7 + 7). Suppose -14*f = -11*f - y. List the prime factors of f.
2, 5, 7
Suppose -30*w + 23*w = -1309. Suppose 0 = 17*z - 6*z - w. List the prime factors of z.
17
Let n(o) = -8*o**2 + 66*o + 3. List the prime factors of n(8).
19
Suppose -d + 4*d = 777. Suppose 4*j - d + 7 = 0. List the prime factors of j.
3, 7
Let s(o) = o**3 - 2*o + 1. Let f be s(2). Suppose v = f*v + h, -21 = -v + 5*h. Suppose 0 = -5*n + v + 9. What are the prime factors of n?
2
What are the prime factors of ((-1152)/60)/(9/(1620/(-8)))?
2, 3
Let u = 5 - -19. List the prime factors of 245/4 - (-18)/u.
2, 31
What are the prime factors of (-8457)/(-24) + (6/(-16))/1?
2, 11
Let f = -17 - -16. List the prime factors of 7 + (f - 1)/((-9)/(-18)).
3
Let b(q) = 132*q**2 - q + 5 - 27 - 122*q**2. List the prime factors of b(5).
223
Suppose -2*d + 9 = 5*j, -8*d + 5*j + 5 = -3*d. Suppose -3*k + 2*k + 136 = 5*t, -8 = d*k. What are the prime factors of t?
2, 7
Let f(m) = -m**3 - 8*m**2 + m + 8. Let b be f(-8). Suppose b = -3*k + 8*k - 30. Suppose -k - 11 = -o. List the prime factors of o.
17
Suppose l = 5*z - 9486, 3*z - 5714 = 15*l - 20*l. What are the prime factors of z?
2, 13, 73
Let b(w) = w**2 + 13*w - 18. Let x be b(-13). Let c be (0 - -2)*x/(-12). Suppose -c*l + 72 = l. What are the prime factors of l?
2, 3
Suppose 3*t - 1170 = 3*z, -5*t + 2*z + 2895 = 933. Suppose 95 = 3*n - t. What are the prime factors of n?
163
Suppose -3*l + 0*v = 3*v - 57, 2*l + 4*v - 28 = 0. Suppose -l = -t - t - 4*c, 27 = 2*t + 5*c. What are the prime factors of t?
2, 3
What are the prime factors of ((-1070)/4)/((-185)/148)?
2, 107
Let z(o) = 3*o**2 - 14*o + 10. Let k be z(4). Suppose 2*j - 278 = -k*r - 0*j, r - j - 131 = 0. List the prime factors of r.
3, 5
Let j(c) = -3 - 3*c**2 + 5*c - 1 + 2*c**2. Let k be j(4). Suppose -141 = -5*h + 3*y + y, 4*h + 4*y - 84 = k. List the prime factors of h.
5
Suppose t - 82 = -t. Suppose 37*g = t*g - 828. List the prime factors of g.
3, 23
Let j(l) = -11*l + 845. What are the prime factors of j(0)?
5, 13
Let b(k) be the third derivative of -k**5/30 - 3*k**4/8 - k**3/3 + k**2. Let i(r) be the first derivative of b(r). What are the prime factors of i(-8)?
23
Let i(m) be the first derivative of 9*m**2 - 9*m + 3. List the prime factors of i(5).
3
Let q(s) = 2*s**2 + 91*s + 28. List the prime factors of q(-62).
2, 17, 61
Let g(u) = -u**3 - 4*u**2 - 2*u + 3. Let c be g(-3). Let d be (0 + -7)*108/63. List the prime factors of (d/(-8) - c)*14.
3, 7
Let d(g) = 2*g**3 + 18*g**2 + 15*g - 5. Let c be d(-8). Suppose -114 = -5*m + 3*l, 0 = -8*l + 7*l - c. What are the prime factors of m?
3, 7
Let m = -75 - -48. Let b(k) = -20*k**3 + k. Let s be b(1). Let d = s - m. List the prime factors of d.
2
Suppose 4*t + 14 = 3*n, -2*n - 5*t = -2*t - 15. Suppose -n*x = -11*x + 255. Suppose 5*j = x + 69. What are the prime factors of j?
2, 3
Suppose 1209 = 5*p - h, -2*p + 3*h - 729 = -5*p. Suppose 0 = 4*c - 8, i + 3*i + 3*c - p = 0. List the prime factors of i.
59
Let x = -76 + 75. What are the prime factors of 48*((-12)/(-8) + x)?
2, 3
Suppose -27*u - 31939 + 90313 = 0. List the prime factors of u.
2, 23, 47
Suppose -3 + 3 = 3*j. Suppose 5*h + 2*v - v - 565 = j, -5*h - 2*v = -570. What are the prime factors of h?
2, 7
Suppose 0 = -19*g + 3208 + 11213. What are the prime factors of g?
3, 11, 23
Suppose -20 = -3*v + 124. What are the prime factors of v?
2, 3
Suppose -3*g + 139 + 3545 = 5*l, -5*l = 4*g - 4907. What are the prime factors of g?
1223
Let n be -1 + (3 - 4 - -3). What are the prime factors of (-1)/3 + n/((-9)/(-1020))?
113
Suppose 3*g + 111*w - 116*w = 9768, -g - w + 3264 = 0. List the prime factors of g.
3, 1087
Let g = 198 - -62. What are the prime factors of g?
2, 5, 13
Let s(q) = q**3 + 6*q**2 - q - 5. Let w be s(-6). Let j be (w - -85) + (-6 - -4). Suppose -j = -3*d - 4*n, d = -n + 2 + 25. What are the prime factors of d?
2, 3
Let y = -1307 + 2171. List the prime factors of y.
2, 3
Suppose 8 = 3*z - 0*l - l, -4 = -4*z + 3*l. Suppose 0*d = -z*d. Let r = 12 + d. What are the prime factors of r?
2, 3
Let j = 42 - 35. Suppose -46 = 6*l - j*l. List the prime factors of l.
2, 23
What are the prime factors of ((-3780)/50)/(2*(-5)/50)?
2, 3, 7
Suppose -4*w = -2*m - 1870, -454 = -w - 0*w - 4*m. What are the prime factors of w?
2, 233
Let l = 21 + -19. Let z(g) = -17*g**2 + 3*g. Let u be z(l). What are the prime factors of (-8)/(-4) + u/(-2)?
3, 11
Suppose 3*s = -3*w + 4*s + 943, 3*s - 1581 = -5*w. What are the prime factors of w?
3, 5, 7
Suppose 25*k + 0*k - 50475 = 0. List the prime factors of k.
3, 673
Let v = 296 - 133. What are the prime factors of v?
163
Suppose 12*o + 6778 = 2*s + 7*o, 3*o - 10209 = -3*s. What are the prime factors of s?
3, 11, 103
Suppose -g - r = 4 + 4, -4*g = 5*r + 34. List the prime factors of (2/g)/(1964/(-654) + 3).
109
Suppose 147*n - 14850 = 120*n. What are the prime factors of n?
2, 5, 11
Suppose 0 = -z - 98 - 23. Suppose -79*l + 86*l - 1204 = 0. Let w = l + z. List the prime factors of w.
3, 17
What are the prime factors of ((-9)/15 + 1)*5785?
2, 13, 89
Let a be 6/33 + (-26)/22. Let i be (-6)/((a - 1)/(-24)). What are the prime factors of (9/(-18))/(1/i)?
2, 3
Let f = 0 - -4. Let a be (-1 - -2) + -2 + f. Suppose 5*g - 52 = a*g. List the prime factors of g.
2, 13
Suppose 0*t - 8 = -4*t - 2*d, -d = 4*t - 12. Suppose -4*q = -0*y - 2*y - 580, -574 = -t*q - y. List the prime factors of q.
2, 3
Let h = 707 + -348. What are the prime factors of h?
359
What are the prime factors of 6300/(7 + 2) - (-3 + 1)?
2, 3, 13
Let c(h) = -763*h**3 + 4*h**2 + h - 2. What are the prime factors of c(-1)?
2, 191
Le